m**2 + 10*m + 5. Suppose -3*c + 2*t - 5*t - 42 = 0, 4*c - 4*t + 32 = 0. What is the units digit of p(c)?
6
Suppose j = -2*j + g - 13, j = -4*g - 13. Let x = -2 - j. Suppose 0*n + 96 = x*n. What is the tens digit of n?
3
Let s(g) = 77*g - 59. What is the tens digit of s(4)?
4
Suppose -60*j - 2856 = -68*j. What is the units digit of j?
7
Let v(u) = 2*u**2 + 2*u + 1. Let l be v(-2). Suppose 5*n - 35 = -10*m + 5*m, 2*m = n + l. What is the tens digit of 4 + m/(-2) - -18?
2
Suppose 0 = 48*n - 46681 - 16871. What is the tens digit of n?
2
Let n = 486 + 44. What is the hundreds digit of n?
5
What is the hundreds digit of (-20 - -19)/(2/(-8))*83?
3
Let r = 5235 + -2298. What is the hundreds digit of r?
9
Suppose 4*a + 15 = -3*p, 2*a - 8 = -2. Let m be 1/(2 + 15/p). Suppose m*x - 64 = x. What is the units digit of x?
2
Suppose -a + 12 = 3*a, 2*a - 21 = -3*w. Suppose -w*d = -9*d + 360. Let n = d - 48. What is the tens digit of n?
4
Let a(c) = 2*c + 6. Let n be a(-2). Suppose -212 = -n*w - 2*w. What is the units digit of w?
3
Let a be (-1292)/(-18) + 26/117. Suppose 0 = -x - 10 + a. What is the tens digit of x?
6
Let c = -58 - -69. Suppose -235 = -c*k + 1393. What is the hundreds digit of k?
1
Let k(a) = -2*a**2 - 6*a + 8. Let u(q) = -3*q**2 - 5*q + 7. Let i(o) = 2*k(o) - 3*u(o). Suppose -12*b + 3*b + 18 = 0. What is the units digit of i(b)?
1
Let h(p) = 17*p + 3 + 4 - 16*p. Let s be h(0). Let b = 21 + s. What is the units digit of b?
8
Suppose -l + 4*h = -325, -11 = -h - 8. What is the hundreds digit of l?
3
Suppose -5*i = -2*i, -2*a + 230 = 2*i. Suppose -5*p + 196 = -4*b, 3*p + b = 6 + a. What is the tens digit of p?
4
Let j(n) = n**3 + 15*n**2 + 15*n + 12. Let s be j(-14). Let p be (s + 5)*(-6 - -1). Let i = p - -19. What is the units digit of i?
4
Let j be ((-14)/21)/(2/(-27)). Suppose 5*a = -j + 24. Suppose -3*f - 48 = -a*g, 0 = -f - 1. What is the units digit of g?
5
Let y be (-3)/(-4) + (-1978)/(-8) + 3. Let t = y + 5. What is the units digit of t?
6
Suppose 31*x - 32*x + 6 = 0. Suppose 0 = j + x*j - 504. What is the units digit of j?
2
Let v = 197 - -245. What is the tens digit of v?
4
Let u(s) = -s**2 - 7*s - 8. Let q be u(-3). Suppose -q = r, -6*w + 2*w - 4*r = -828. What is the units digit of w?
1
What is the hundreds digit of 8094/19 - (1 + -1)?
4
Let f = 2851 - 1638. What is the hundreds digit of f?
2
Suppose 1 + 17 = -3*h. Let q = 63 + h. What is the tens digit of q?
5
What is the tens digit of 470/141 - (-9479)/3?
6
Suppose -4*v + 12 = -4. Suppose 2*m + v*z = 138, 3*m - 5*z + 38 - 234 = 0. What is the tens digit of m?
6
Suppose -3*p + 5*h + 2156 = 0, 6*p = 7*p + 3*h - 700. What is the units digit of p?
2
What is the units digit of (77740/(-16))/23*-4?
5
Let z(b) = -b**2 - 11*b - 21. Let x be z(-7). Suppose t - 8 = -d, 5 = 4*d - x. What is the units digit of t?
5
Suppose 2767 = 17*r - 3778. What is the hundreds digit of r?
3
Let b = 155 - 155. What is the units digit of 36 - b - (-8 - -12)?
2
Suppose o - 6*o - 1953 = -r, -25 = 5*o. What is the thousands digit of r?
1
Let v = -5046 - -9134. What is the tens digit of v?
8
Let o = -1418 - -1527. What is the tens digit of o?
0
Let d(c) = -c**2 + 13*c - 5. Let a(s) = -s**3 + 2*s - 2*s + 8*s - 9*s**2 - 8. Let f be a(-10). What is the units digit of d(f)?
7
Let z be -3 + 5/((-5)/(-241)). Suppose 4*w = z - 66. What is the tens digit of w?
4
Let d(u) = -24*u**3 - u**2 - u - 1. Let k = -18 - -22. Suppose -c + 2 = -4*y, -6*c = -4*c + k. What is the tens digit of d(y)?
2
Suppose -3*z + 537 = 42. Let r = -68 + z. Suppose 4*m - 39 = r. What is the tens digit of m?
3
Let b(i) = -7 - 2*i - 2*i**2 + 0*i**2 + 1 - i**3 - 3*i + 4*i. Let c = 7 - 11. What is the tens digit of b(c)?
3
Suppose -2*h - 3*v + 19 = 0, -6*v + 20 = 5*h - 4*v. Let k = 4 - 2. Suppose h*p = -2*c + 74, -47 = k*c - 3*p - 116. What is the units digit of c?
6
Let v(t) = -t**2 + 11*t - 8. Suppose 257 = 4*n - 3*a, -3*a = -2*n - a + 128. Suppose 4*x + 3*k + 35 = 6*x, -4*x + 5*k = -n. What is the units digit of v(x)?
2
Let c = -20 - 8. Let l = c + 51. What is the units digit of l?
3
Suppose -927 = 18*g - 7065. What is the units digit of g?
1
Let v(b) = 20*b**2 + 49*b - 16. What is the hundreds digit of v(-11)?
8
Suppose 0 = -2*y + 7*y - 70. Suppose -4*t - 5*g + 153 = 0, -4*g + 100 + y = 3*t. What is the tens digit of t?
4
Let w = 659 + 357. What is the thousands digit of w?
1
Let v(r) = -62*r**3 + 2*r - 3. Let l be v(1). Let c = l + 99. What is the units digit of c?
6
Let v(s) = s**2 + 6*s - 7. Let y be v(3). What is the units digit of y/(-10)*(-2 - 29)?
2
Let h(l) = 82*l**2 + 48. What is the thousands digit of h(5)?
2
Let l(s) = -96*s + 12. Let i be l(-8). What is the tens digit of i/8 + (-9)/6 + 2?
9
Let r(l) = -10*l - 7. Let v be r(2). Let b = 49 + v. What is the units digit of b?
2
Suppose 0 = 12*v - 13833 - 8127. What is the thousands digit of v?
1
What is the thousands digit of (1834/14 + -7)*(-58)/(-4)?
1
Suppose 0 = 2*z - l - 2*l - 2723, 3*l = -3*z + 4077. What is the tens digit of z?
6
Let a be (-28)/98 + (-23)/(-7). Suppose -k + 51 = f - 0*k, 153 = a*f + k. What is the tens digit of f?
5
Let k(u) = u**3 + 7*u**2 - 9*u - 3. Let v(j) = -j + 1. Let q = -7 + 16. Let b be v(q). What is the units digit of k(b)?
5
Suppose 10 = 2*m - 20. Let o(r) = 4*r + 31. Let l be o(m). Suppose 4 = -z - 4*h + 43, 4*z + 3*h - l = 0. What is the units digit of z?
9
Let u be 1/(2/2) - (-1 - 1). Suppose 683 = 5*w - 0*w - u*j, 134 = w + 2*j. What is the tens digit of w?
3
Let n(f) = -f - 6. Suppose 2*v - 2 = -3*a + 2, v = 2*a - 12. Let z = v - 4. What is the units digit of n(z)?
2
Let m(r) = -184*r - 331. What is the hundreds digit of m(-9)?
3
Let c = -110 - -111. Let h(j) = -5*j. Let t be h(-1). Suppose -w = -c, 0 = -x + t*w - 15 + 38. What is the units digit of x?
8
Suppose -1 = 3*d - 2*b, -2*d + 0*b - 19 = -5*b. Let g(x) = -d*x**2 - 1 + 2*x**2 - 4*x + 10*x. What is the units digit of g(3)?
8
Let o be 5*(-8)/(-20)*6. Let b be o/(-15) + 112/(-10). What is the tens digit of 2/(-4) + (-258)/b?
2
Let g(x) = -x + 5. Let f be 3 + -6 + (-12)/(-4). Let k be 10/(1/(f - 1)). What is the units digit of g(k)?
5
Let k = -13 + 16. Suppose 3*l + k = 4*l. Suppose 0 = -i + l*i - 16. What is the units digit of i?
8
Let r = -745 + 1663. What is the units digit of r?
8
Let g be (-4)/(-3 + -1) - -2. Let b(t) = t**3 - 2*t**2 - 3*t - 2. Let s be b(g). What is the units digit of (1/s)/((-2)/36)?
9
Let f be 4/(-18) - 47/(-9). Let s be -3 - 9*4/(-12). Suppose -168 = -4*j + f*i, s*j + 2*j - 90 = i. What is the units digit of j?
7
Suppose 0 = 6*o - 10 + 370. Let b = 18 - o. Suppose 5*t = 3*t + b. What is the units digit of t?
9
Let f(y) = -4*y**3 - y**2 + 6*y + 6. Let r be f(-4). Let l = -22 + r. What is the units digit of l?
0
Suppose 2*r = 3*a + 1389, -3*a + 50 = 41. What is the hundreds digit of r?
6
Let c = -23 + 30. Let t(j) = j**2 - j + 2. What is the units digit of t(c)?
4
What is the units digit of ((-1415)/(-10))/((-8)/(-16))?
3
Suppose 2*v + 0*v - 4*r = 156, 2*r = -5*v + 342. Let x = -20 + v. What is the tens digit of x?
5
Let h = -57 + 50. What is the units digit of 2/(3/(-5) + h/(-11))?
5
Suppose -22 = -9*l - 22. Suppose l = 71*a - 75*a + 1020. What is the hundreds digit of a?
2
Suppose 5 = -a + 3*r - r, 0 = -4*a - 3*r + 24. Suppose -k = 2*n - 5*k, 4*n - k = 0. Suppose l + 55 = a*z, -l = -n*l - 2. What is the tens digit of z?
1
Let t = 2194 + -944. What is the tens digit of t?
5
Let d(u) = -145*u - 55. What is the units digit of d(-2)?
5
Suppose 0 = 6*p + 306. What is the units digit of (-12)/(1 - p/(-42))?
6
Suppose -89*r + 62*r = -37692. What is the hundreds digit of r?
3
Let b(f) = f + 5. Let o be b(0). Suppose -w + 26 = -2*z - 0*z, 116 = 4*w - o*z. Suppose 3*y = 41 + w. What is the units digit of y?
5
Let u be -30 - 1/(1/(-2)). What is the hundreds digit of (-2508)/(-21) + 1/(u/12)?
1
Let m(k) = k**3 + 9*k**2 + 13. Let f be m(-9). Let d = f + -13. Suppose d = -8*z + 10*z - 76. What is the tens digit of z?
3
Let d = -386 - -540. Let c = d + -103. What is the units digit of c?
1
Let c be (4/(-4) + 3)*2. Suppose 0 = 4*n + w + 1, 5*w + 1 = -3*n + c*w. Suppose -3*k - 3*k + 150 = n. What is the units digit of k?
5
Suppose 0*o - 6 = -3*o. What is the tens digit of ((-6)/(-6))